{"id":209,"date":"2013-07-08T11:34:58","date_gmt":"2013-07-08T03:34:58","guid":{"rendered":"http:\/\/powerleistung.com\/?page_id=209"},"modified":"2013-10-17T18:39:30","modified_gmt":"2013-10-17T10:39:30","slug":"%e4%b8%8b%e8%bd%bd%e4%b8%ad%e5%bf%83","status":"publish","type":"page","link":"http:\/\/powerleistung.com\/?page_id=209","title":{"rendered":"Downloads"},"content":{"rendered":"<img loading=\"lazy\" class=\"alignnone size-full wp-image-1699\" alt=\"download_banner\" src=\"http:\/\/powerleistung.com\/wp-content\/uploads\/2013\/07\/download_banner.jpg\" width=\"915\" height=\"325\" srcset=\"http:\/\/powerleistung.com\/wp-content\/uploads\/2013\/07\/download_banner.jpg 915w, http:\/\/powerleistung.com\/wp-content\/uploads\/2013\/07\/download_banner-300x106.jpg 300w\" sizes=\"(max-width: 915px) 100vw, 915px\" \/>\n<h2><strong><span style=\"color: #1d6cb1;\"><a href=\"http:\/\/powerleistung.com\/wp-content\/uploads\/2013\/08\/Grease-Nipples-Data-Sheet-EN.pdf\"><span style=\"color: #1d6cb1;\">Grease Nipples Data Sheet PDF (English)<\/span><\/a><\/span><\/strong><\/h2>\n<h2><strong><a href=\"http:\/\/powerleistung.com\/wp-content\/uploads\/2013\/09\/Grease-Nipples-Data-Sheet-SAE-EN.pdf\"><span style=\"color: #1d6cb1;\">Grease Nipples Data Sheet US-SAE PDF (English)<\/span><\/a><\/strong><\/h2>\n","protected":false},"excerpt":{"rendered":"<p>Power Leistung Limited Grease Nipple Fitting Hose Couplings Accessories Casting Products Schmiernippel Schlauchkupplungen Gu\u00dfst\u00fccke HV550 RW 83 15 N geh\u00e4rtet case hardened <\/p>\n","protected":false},"author":1,"featured_media":0,"parent":0,"menu_order":7,"comment_status":"closed","ping_status":"open","template":"template-fullwidth.php","meta":[],"_links":{"self":[{"href":"http:\/\/powerleistung.com\/index.php?rest_route=\/wp\/v2\/pages\/209"}],"collection":[{"href":"http:\/\/powerleistung.com\/index.php?rest_route=\/wp\/v2\/pages"}],"about":[{"href":"http:\/\/powerleistung.com\/index.php?rest_route=\/wp\/v2\/types\/page"}],"author":[{"embeddable":true,"href":"http:\/\/powerleistung.com\/index.php?rest_route=\/wp\/v2\/users\/1"}],"replies":[{"embeddable":true,"href":"http:\/\/powerleistung.com\/index.php?rest_route=%2Fwp%2Fv2%2Fcomments&post=209"}],"version-history":[{"count":0,"href":"http:\/\/powerleistung.com\/index.php?rest_route=\/wp\/v2\/pages\/209\/revisions"}],"wp:attachment":[{"href":"http:\/\/powerleistung.com\/index.php?rest_route=%2Fwp%2Fv2%2Fmedia&parent=209"}],"curies":[{"name":"wp","href":"https:\/\/api.w.org\/{rel}","templated":true}]}}